{"id":1154,"date":"2012-01-26T11:24:03","date_gmt":"2012-01-26T11:24:03","guid":{"rendered":"http:\/\/people.unica.it\/dipartimentodigiurisprudenza\/?page_id=5"},"modified":"2021-02-18T12:48:28","modified_gmt":"2021-02-18T11:48:28","slug":"segreteria-studenti","status":"publish","type":"page","link":"https:\/\/facolta.unica.it\/segp\/chi-siamo\/organizzazione\/segreteria-studenti\/","title":{"rendered":"Segreterie studenti"},"content":{"rendered":"<p style=\"text-align: justify\">Le Segreterie Studenti si occupano della gestione amministrativa delle carriere degli studenti, dall\u2019immatricolazione al conseguimento della laurea.<\/p>\n<p>&nbsp;<\/p>\n<p><strong>Segreteria Studenti CdS economici<\/strong><\/p>\n<p style=\"text-align: justify\">Per i Corsi di Studio attivi in\u00a0<span style=\"color: #000080\">Economia e Finanza,\u00a0Economia e Gestione Aziendale,\u00a0<\/span><span style=\"color: #000080\">Data Science Business Analytics e Innovazione,\u00a0<\/span><span style=\"color: #000080\">Economia Finanza e Politiche Pubbliche,\u00a0<\/span><span style=\"color: #000080\">Economia Manageriale,<\/span><span style=\"color: #000080\">\u00a0<\/span><span style=\"color: #000080\">\u00a0Management e Monitoraggio del Turismo Sostenibile <span style=\"color: #333333\">e per i Corsi di Studio disattivati in Economia e Commercio V.O. (quadriennale), Economia e Commercio N.O.(quadriennale), Economia Aziendale (quadriennale), Scienze Economiche,\u00a0<\/span><\/span><span style=\"color: #333333\">Economia e Gestione Servizi Turistici, Scienze del Turismo, Progettazione e Gestione dei Sistemi Turistici<\/span><\/p>\n<p style=\"text-align: justify\">Viale S. Ignazio 74 &#8211; 09123 Cagliari<br \/>\nTel. 070 675 3349-3348<br \/>\nEmail: <a href=\"mailto:segrstudeconomia@unica.it\">segrstudeconomia@unica.it<\/a><\/p>\n<p style=\"text-align: justify\">Responsabile: Dott.ssa Giorgia Saba<br \/>\nAddetti: Laura Lucchese, Corrado Piludu,\u00a0Luigi Puddu<\/p>\n<p style=\"text-align: justify\"><a href=\"http:\/\/facolta.unica.it\/segp\/segreteria-studenti-per-cds-economici\/\">Visualizza altre informazioni<\/a><\/p>\n<p>&nbsp;<\/p>\n<p><strong>Segreteria Studenti CdS giuridici<\/strong><\/p>\n<p style=\"text-align: justify\">Per i Corsi di Studio attivi in <span style=\"color: #000080\">Scienze dei Servizi Giuridici, Giurisprudenza<\/span> e per i Corsi di Studio disattivati in Giurisprudenza V.O. <span style=\"color: #000080\"><span style=\"color: #333333\">(quadriennale)<\/span><\/span>, Scienze Giuridiche, Servizi Giuridici, Giurisprudenza (specialistica)<\/p>\n<p style=\"text-align: justify\">Viale S. Ignazio 74 &#8211; 09123 Cagliari<\/p>\n<p>E-mail: <a href=\"mailto:segrstudgiurisprudenza@amm.unica.it\">segrstudgiurisprudenza@amm.unica.it<br \/>\n<\/a>Responsabile: Dott. Stefano Musa<br \/>\nAddetti: Luigi Congiu, Maria Domenica Cassinelli, Michela Floris<\/p>\n<p style=\"text-align: justify\"><a style=\"line-height: 19px\" href=\"http:\/\/segreterie.unica.it\/scienzegiuridiche\/\">Visualizza altre informazioni<\/a><\/p>\n<p>&nbsp;<\/p>\n<p style=\"text-align: justify\"><strong>Segreteria Studenti CdS politici<\/strong><\/p>\n<p style=\"text-align: justify\">Per i Corsi di Studio in <span style=\"color: #000080\">Amministrazione e Organizzazione, Scienze Politiche, Politiche Societ\u00e0 e Territorio, Relazioni internazionali,\u00a0Scienze dell&#8217;Amministrazione\u00a0<span style=\"color: #333333\">e per i Corsi di Studio disattivati in Scienze Politiche V.O. (quadriennale) Governance e Sistema Globale,\u00a0<\/span><\/span>Economia e Politiche Europee, Scienze Sociali per lo Sviluppo, Relazioni Internazionali,\u00a0<span style=\"text-align: justify\">Scienze Sociali e Cooperazione allo Sviluppo Servizio Sociale,\u00a0<\/span>Servizio Sociale,\u00a0Scienze dell&#8217;Amministrazione e Sviluppo Locale, Amministrazione Governo e Locale, Scienze della Amministrazione Pubblica, Amministrazione Governo e Sviluppo Locale, Programmazione e Gestione delle Politiche e dei Servizi Sociali, Programmazione e Gestione delle Politiche e dei Servizi Sociali, Amministrazione e Organizzazione in modalit\u00e0 telematica<\/p>\n<p style=\"text-align: justify\">Viale S. Ignazio 74 &#8211; 09123 Cagliari<\/p>\n<p>Email: <a href=\"mailto:segrstudscpol@unica.it\">segrstudscpol@unica.it<\/a><\/p>\n<p style=\"text-align: justify\">Responsabile: Dott.ssa Giorgia Saba<br \/>\nAddetti: Roberto Sedda, Paolo Piretti<\/p>\n<p style=\"text-align: justify\"><a style=\"line-height: 19px\" href=\"http:\/\/segreterie.unica.it\/scienzepolitiche\/\" target=\"_blank\" rel=\"noopener noreferrer\">Visualizza altre informazioni<\/a><\/p>\n<p>&nbsp;<\/p>\n<p>&nbsp;<\/p>\n<p style=\"text-align: justify\">Orari di apertura al pubblico:<\/p>\n<p><strong>luglio<\/strong>: luned\u00ec-mercoled\u00ec-venerd\u00ec ore 9:00-12:00 \/ marted\u00ec ore 16:00-17:00<\/p>\n<p><strong>agosto<\/strong>: luned\u00ec-mercoled\u00ec-venerd\u00ec ore 9:00-12:00<\/p>\n<p><strong>settembre e ottobre<\/strong>: luned\u00ec-mercoled\u00ec-gioved\u00ec-venerd\u00ec ore 9:00-12:00 \/<\/p>\n<p>marted\u00ec ore 10:00-12:00 e ore 16:00-17:00<\/p>\n<p><strong>da novembre a giugno<\/strong>: luned\u00ec-mercoled\u00ec-gioved\u00ec-venerd\u00ec ore 9:00-12:00 \/<\/p>\n<p>marted\u00ec ore 16:00-17:00<\/p>\n<p>&nbsp;<\/p>\n","protected":false},"excerpt":{"rendered":"<p>Le Segreterie Studenti si occupano della gestione amministrativa delle carriere degli studenti, dall\u2019immatricolazione al conseguimento della laurea. &nbsp; Segreteria Studenti CdS economici Per i Corsi di Studio attivi in\u00a0Economia e Finanza,\u00a0Economia e Gestione Aziendale,\u00a0Data Science Business Analytics e Innovazione,\u00a0Economia Finanza e Politiche Pubbliche,\u00a0Economia Manageriale,\u00a0\u00a0Management e Monitoraggio del Turismo Sostenibile e per i Corsi di Studio disattivati in Economia e Commercio V.O. (quadriennale), Economia e Commercio N.O.(quadriennale), Economia Aziendale (quadriennale), Scienze Economiche,\u00a0Economia e Gestione Servizi Turistici, Scienze del Turismo, Progettazione e Gestione dei Sistemi Turistici Viale S. Ignazio 74 &#8211; 09123 Cagliari Tel. 070 675 3349-3348 Email: segrstudeconomia@unica.it Responsabile: Dott.ssa Giorgia <a href='https:\/\/facolta.unica.it\/segp\/chi-siamo\/organizzazione\/segreteria-studenti\/' class='excerpt-more'>[&#8230;]<\/a><\/p>\n","protected":false},"author":1,"featured_media":0,"parent":694,"menu_order":4,"comment_status":"closed","ping_status":"closed","template":"","meta":{"footnotes":""},"class_list":["post-1154","page","type-page","status-publish","hentry","post-seq-1","post-parity-odd","meta-position-corners","fix"],"publishpress_future_action":{"enabled":false,"date":"2026-04-25 07:56:23","action":"change-status","newStatus":"draft","terms":[],"taxonomy":"","extraData":[]},"publishpress_future_workflow_manual_trigger":{"enabledWorkflows":[]},"_links":{"self":[{"href":"https:\/\/facolta.unica.it\/segp\/wp-json\/wp\/v2\/pages\/1154","targetHints":{"allow":["GET"]}}],"collection":[{"href":"https:\/\/facolta.unica.it\/segp\/wp-json\/wp\/v2\/pages"}],"about":[{"href":"https:\/\/facolta.unica.it\/segp\/wp-json\/wp\/v2\/types\/page"}],"author":[{"embeddable":true,"href":"https:\/\/facolta.unica.it\/segp\/wp-json\/wp\/v2\/users\/1"}],"replies":[{"embeddable":true,"href":"https:\/\/facolta.unica.it\/segp\/wp-json\/wp\/v2\/comments?post=1154"}],"version-history":[{"count":30,"href":"https:\/\/facolta.unica.it\/segp\/wp-json\/wp\/v2\/pages\/1154\/revisions"}],"predecessor-version":[{"id":14633,"href":"https:\/\/facolta.unica.it\/segp\/wp-json\/wp\/v2\/pages\/1154\/revisions\/14633"}],"up":[{"embeddable":true,"href":"https:\/\/facolta.unica.it\/segp\/wp-json\/wp\/v2\/pages\/694"}],"wp:attachment":[{"href":"https:\/\/facolta.unica.it\/segp\/wp-json\/wp\/v2\/media?parent=1154"}],"curies":[{"name":"wp","href":"https:\/\/api.w.org\/{rel}","templated":true}]}}